{"id":9,"date":"2016-08-03T13:14:37","date_gmt":"2016-08-03T13:14:37","guid":{"rendered":"http:\/\/demo.olevmedia.net\/wheelsberry\/?page_id=9"},"modified":"2025-04-25T19:33:22","modified_gmt":"2025-04-25T19:33:22","slug":"homepage-2","status":"publish","type":"page","link":"https:\/\/www.rentingcar2000.com\/","title":{"rendered":"Homepage"},"content":{"rendered":"<p>[vc_row full_width=\u00bbstretch_row\u00bb el_id=\u00bbservices\u00bb][vc_column][vc_custom_heading text=\u00bbServicios\u00bb text_additional=\u00bbReservar con nosotros son todo ventajas\u00bb font_container=\u00bbtag:h2|text_align:center\u00bb][om_max_width max_width=\u00bb960&#8243;][om_services top_padding=\u00bb250&#8243; bottom_padding=\u00bb100&#8243;][om_services_item title=\u00bbSeguro a todo riesgo\u00bb link=\u00bb|||\u00bb bg_image=\u00bb680&#8243;]Todos nuestros veh\u00edculos disponen de seguro a todo riesgo, por lo que podr\u00e1 disfrutar de su estancia en nuestra isla con la m\u00e1s absoluta tranquilidad.[\/om_services_item][om_services_item title=\u00bbRecogida y entrega\u00bb bg_image=\u00bb700&#8243;]Para una mayor comodidad, en Renting Car 2000 le ofrecemos el servicio de recogida de su veh\u00edculo donde usted est\u00e9 alojado y entrega en el mismo sitio en una de nuestras oficinas.[\/om_services_item][\/om_services][\/om_max_width][vc_empty_space height=\u00bb40px\u00bb][\/vc_column][\/vc_row][vc_row full_width=\u00bbstretch_row\u00bb el_id=\u00bbabout\u00bb css=\u00bb.vc_custom_1470245913143{background-color: #ffffff !important;}\u00bb][vc_column][vc_empty_space height=\u00bb40px\u00bb][vc_custom_heading text=\u00bbNosotros\u00bb text_additional=\u00bbCompromiso, seriedad y calidad\u00bb font_container=\u00bbtag:h2|text_align:center\u00bb][om_about][om_about_item content_block=\u00bbcounter\u00bb title=\u00bbRenting Car 2000&#8243; image=\u00bb50&#8243; img=\u00bb711&#8243; counter_title=\u00bbClientes\u00bb counter_value=\u00bb3250&#8243;]Empresa majorera con m\u00e1s de 15 a\u00f1os en el sector del alquiler de veh\u00edculos. Nuestra experiencia nos avala y eso se refleja en las satisfacci\u00f3n de nuestros clientes.[\/om_about_item][om_about_item content_block=\u00bbimg\u00bb title=\u00bbFlota\u00bb image=\u00bb51&#8243; img=\u00bb719&#8243; content_img=\u00bb726&#8243;]Disponemos de una flota de m\u00e1s de 30 veh\u00edculos totalmente en perfecto estado, limpieza y con las mejores prestaciones para que pueda disfrutar con total seguridad.[\/om_about_item][om_about_item content_block=\u00bbimg\u00bb title=\u00bbFuerteventura\u00bb image=\u00bb51&#8243; img=\u00bb733&#8243; content_img=\u00bb739&#8243;]Ha elegido usted conducir uno de nuestros veh\u00edculos en Fuerteventura, la isla tranquila. Aproveche su estancia para disfrutar de nuestras playas, paisajes y como no, de nuestras carreteras.[\/om_about_item][\/om_about][vc_empty_space height=\u00bb40px\u00bb][\/vc_column][\/vc_row][vc_row full_width=\u00bbstretch_row\u00bb el_id=\u00bbtestimonials\u00bb css=\u00bb.vc_custom_1470247299737{background-color: #f7f7f7 !important;}\u00bb][vc_column][vc_empty_space height=\u00bb40px\u00bb][vc_custom_heading text=\u00bb\u00bfQu\u00e9 opinan nuestros clientes?\u00bb font_container=\u00bbtag:h2|text_align:center\u00bb uppercase=\u00bbyes\u00bb][om_testimonials][om_testimonials_item author=\u00bbDaniel Mart\u00edn, Madrid\u00bb]Esta fue la primera vez que alquilamos en Renting Car 2000 y quedamos muy satisfechos. Su precio era m\u00e1s bajo que el de otras empresas. Nuestra experiencia de alquiler fue buena de principio a fin, as\u00ed que volveremos en el futuro. [\/om_testimonials_item][om_testimonials_item author=\u00bbAlexandra Zieger, Berl\u00edn\u00bb]Me encanta el servicio de Renting Car 2000, el veh\u00edculo ten\u00eda el nivel de limpieza que esperaba y al que estoy acostumbrada. Muchas gracias por todo.[\/om_testimonials_item][om_testimonials_item author=\u00bbLuca Rizzo, Roma\u00bb]Personal profesional que sabe lo que hace. Despu\u00e9s de un largo d\u00eda de viaje, tratar con gente amable, educada y eficiente marca la diferencia. [\/om_testimonials_item][\/om_testimonials][vc_empty_space height=\u00bb40px\u00bb][\/vc_column][\/vc_row][vc_row full_width=\u00bbstretch_row_content_no_spaces\u00bb el_id=\u00bblocations\u00bb][vc_column][om_rental_locations zoom=\u00bb16&#8243; title=\u00bbNuestras oficinas\u00bb height=\u00bb370&#8243;][\/vc_column][\/vc_row][vc_row full_width=\u00bbstretch_row\u00bb el_id=\u00bbcontacts\u00bb][vc_column][vc_empty_space height=\u00bb40px\u00bb][vc_custom_heading text=\u00bbOficina central\u00bb text_additional=\u00bbNo dude en contactarnos para cualquier consulta\u00bb font_container=\u00bbtag:h2|text_align:center\u00bb uppercase=\u00bbyes\u00bb][om_persons][om_persons_item img_stand_out=\u00bbyes\u00bb name=\u00bbHotel Bah\u00eda Calma Beach\u00bb phone=\u00bb(+34) 649 209 233&#8243; email=\u00bbreservas@rentingcar2000.com\u00bb img=\u00bb96&#8243; img_offset_x=\u00bb32&#8243; img_offset_y=\u00bb70&#8243; post=\u00bbCalle Angostura, 3, 35627 Costa Calma, Fuerteventura\u00bb][\/om_persons][vc_empty_space height=\u00bb20px\u00bb][\/vc_column][\/vc_row]<\/p>\n","protected":false},"excerpt":{"rendered":"<p>[vc_row full_width=\u00bbstretch_row\u00bb el_id=\u00bbservices\u00bb][vc_column][vc_custom_heading text=\u00bbServicios\u00bb text_additional=\u00bbReservar con nosotros son todo ventajas\u00bb font_container=\u00bbtag:h2|text_align:center\u00bb][om_max_width max_width=\u00bb960&#8243;][om_services top_padding=\u00bb250&#8243; bottom_padding=\u00bb100&#8243;][om_services_item title=\u00bbSeguro a todo riesgo\u00bb link=\u00bb|||\u00bb bg_image=\u00bb680&#8243;]Todos nuestros veh\u00edculos disponen de seguro&hellip;<\/p>\n<p><a href=\"https:\/\/www.rentingcar2000.com\/\" class=\"read-more-link\">Read more<\/a><\/p>\n","protected":false},"author":1,"featured_media":0,"parent":0,"menu_order":0,"comment_status":"closed","ping_status":"closed","template":"","meta":{"footnotes":""},"class_list":["post-9","page","type-page","status-publish","hentry"],"_links":{"self":[{"href":"https:\/\/www.rentingcar2000.com\/index.php?rest_route=\/wp\/v2\/pages\/9","targetHints":{"allow":["GET"]}}],"collection":[{"href":"https:\/\/www.rentingcar2000.com\/index.php?rest_route=\/wp\/v2\/pages"}],"about":[{"href":"https:\/\/www.rentingcar2000.com\/index.php?rest_route=\/wp\/v2\/types\/page"}],"author":[{"embeddable":true,"href":"https:\/\/www.rentingcar2000.com\/index.php?rest_route=\/wp\/v2\/users\/1"}],"replies":[{"embeddable":true,"href":"https:\/\/www.rentingcar2000.com\/index.php?rest_route=%2Fwp%2Fv2%2Fcomments&post=9"}],"version-history":[{"count":31,"href":"https:\/\/www.rentingcar2000.com\/index.php?rest_route=\/wp\/v2\/pages\/9\/revisions"}],"predecessor-version":[{"id":901,"href":"https:\/\/www.rentingcar2000.com\/index.php?rest_route=\/wp\/v2\/pages\/9\/revisions\/901"}],"wp:attachment":[{"href":"https:\/\/www.rentingcar2000.com\/index.php?rest_route=%2Fwp%2Fv2%2Fmedia&parent=9"}],"curies":[{"name":"wp","href":"https:\/\/api.w.org\/{rel}","templated":true}]}}